{"id":138,"date":"2024-09-14T20:49:17","date_gmt":"2024-09-14T20:49:17","guid":{"rendered":"https:\/\/www.lacravatebleue.fr\/?page_id=138"},"modified":"2026-04-10T10:21:03","modified_gmt":"2026-04-10T10:21:03","slug":"contact","status":"publish","type":"page","link":"https:\/\/www.lacravatebleue.fr\/index.php\/contact\/","title":{"rendered":"CONTACT"},"content":{"rendered":"<div id=\"pl-138\"  class=\"panel-layout\" ><div id=\"pg-138-0\"  class=\"panel-grid panel-has-style\" ><div class=\"siteorigin-panels-stretch panel-row-style panel-row-style-for-138-0\" data-stretch-type=\"full-width-stretch\" ><div id=\"pgc-138-0-0\"  class=\"panel-grid-cell\" ><div id=\"panel-138-0-0-0\" class=\"so-panel widget widget_sow-hero panel-first-child panel-last-child\" data-index=\"0\" ><div\n\t\t\t\n\t\t\tclass=\"so-widget-sow-hero so-widget-sow-hero-default-abaea205e19f-138 so-widget-fittext-wrapper\"\n\t\t\t data-fit-text-compressor=\"0.85\"\n\t\t>\t\t\t\t<div class=\"sow-slider-base\" style=\"display: none\" tabindex=\"0\">\n\t\t\t\t\t<ul\n\t\t\t\t\tclass=\"sow-slider-images\"\n\t\t\t\t\tdata-settings=\"{&quot;pagination&quot;:true,&quot;speed&quot;:400,&quot;timeout&quot;:8000,&quot;paused&quot;:false,&quot;pause_on_hover&quot;:false,&quot;swipe&quot;:true,&quot;nav_always_show_desktop&quot;:&quot;&quot;,&quot;nav_always_show_mobile&quot;:&quot;&quot;,&quot;breakpoint&quot;:&quot;780px&quot;,&quot;unmute&quot;:false,&quot;anchor&quot;:null}\"\n\t\t\t\t\tstyle=\"min-height: 450px\"\t\t\t\t\tdata-anchor-id=\"\"\n\t\t\t\t>\t\t<li class=\"sow-slider-image  sow-slider-image-cover\" style=\"visibility: visible;;background-color: #333333;background-image: url(https:\/\/www.lacravatebleue.fr\/wp-content\/uploads\/2025\/06\/@LACRAVATEBLEUE-photographe_Packshot-produit_aixenprovence.png)\" >\n\t\t\t\t\t<div class=\"sow-slider-image-container\">\n\t\t\t<div class=\"sow-slider-image-wrapper\">\n\t\t\t\t\t\t\t<\/div>\n\t\t<\/div>\n\t\t\t\t<\/li>\n\t\t<\/ul>\t\t\t\t<ol class=\"sow-slider-pagination\">\n\t\t\t\t\t\t\t\t\t\t\t<li><a href=\"#\" data-goto=\"0\" aria-label=\"Display slide 1\"><\/a><\/li>\n\t\t\t\t\t\t\t\t\t<\/ol>\n\n\t\t\t\t<div class=\"sow-slide-nav sow-slide-nav-next\">\n\t\t\t\t\t<a href=\"#\" data-goto=\"next\" aria-label=\"Next slide\" data-action=\"next\">\n\t\t\t\t\t\t<em class=\"sow-sld-icon-thin-right\"><\/em>\n\t\t\t\t\t<\/a>\n\t\t\t\t<\/div>\n\n\t\t\t\t<div class=\"sow-slide-nav sow-slide-nav-prev\">\n\t\t\t\t\t<a href=\"#\" data-goto=\"previous\" aria-label=\"Previous slide\" data-action=\"prev\">\n\t\t\t\t\t\t<em class=\"sow-sld-icon-thin-left\"><\/em>\n\t\t\t\t\t<\/a>\n\t\t\t\t<\/div>\n\t\t\t\t<\/div><\/div><\/div><\/div><\/div><\/div><div id=\"pg-138-1\"  class=\"panel-grid panel-no-style\" ><div id=\"pgc-138-1-0\"  class=\"panel-grid-cell panel-grid-cell-empty\" ><\/div><div id=\"pgc-138-1-1\"  class=\"panel-grid-cell panel-grid-cell-mobile-last\" ><div class=\"panel-cell-style panel-cell-style-for-138-1-1\" ><div id=\"panel-138-1-1-0\" class=\"so-panel widget widget_sow-headline panel-first-child panel-last-child\" data-index=\"1\" ><div\n\t\t\t\n\t\t\tclass=\"so-widget-sow-headline so-widget-sow-headline-default-d000fb843276-138 so-widget-fittext-wrapper\"\n\t\t\t data-fit-text-compressor=\"0.85\"\n\t\t><div class=\"sow-headline-container \">\n\t\t\t\t\t\t\t<h1 class=\"sow-headline\">\n\t\t\t\t\t\tVOTRE PHOTOGRAPHE D'ENTREPRISE A AIX-EN-PROVENCE\t\t\t\t\t\t<\/h1>\n\t\t\t\t\t\t<\/div>\n<\/div><\/div><\/div><\/div><div id=\"pgc-138-1-2\"  class=\"panel-grid-cell panel-grid-cell-empty\" ><\/div><\/div><div id=\"pg-138-2\"  class=\"panel-grid panel-no-style\" ><div id=\"pgc-138-2-0\"  class=\"panel-grid-cell\" ><div id=\"panel-138-2-0-0\" class=\"so-panel widget widget_text panel-first-child panel-last-child\" data-index=\"2\" >\t\t\t<div class=\"textwidget\"><p style=\"text-align: justify;\"><strong>Photographe d&rsquo;entreprise sur Aix-en-Provence et sa R\u00e9gion<\/strong>, j\u2019accompagne les entreprises locales \u00e0 <strong>r\u00e9v\u00e9ler leur authenticit\u00e9<\/strong> \u00e0 travers une photographie sobre et vraie, pour qu\u2019elles puissent enfin <strong>se distinguer et inspirer confiance<\/strong><\/p>\n<p style=\"text-align: justify;\">Je valorise vos projets de <strong>portraits<\/strong>, <strong>reportages<\/strong> et <strong>packshots<\/strong>. J&rsquo;apporte mon savoir-faire et ma sensibilit\u00e9 au service des entreprises d\u00e9sireuses d\u2019am\u00e9liorer ou de <strong>d\u00e9velopper leur image de marque<\/strong>.\u00a0En effet la photographie et l\u2019image dans son ensemble sont un m\u00e9dia incontournable pour <strong>d\u00e9velopper et p\u00e9renniser son activit\u00e9.<\/strong><\/p>\n<p>Au plaisir de collaborer ensemble.<\/p>\n<p>Ratiba<\/p>\n<p><span style=\"color: #203a6a;\"><strong>LA CRAVATE BLEUE<\/strong><\/span>,<br \/>\n<span style=\"color: #203a6a;\"><strong>Photographe d&rsquo;Entreprise<\/strong><\/span><\/p>\n<p><a href=\"https:\/\/www.linkedin.com\/in\/lacravatebleue-photographe-d-entreprise-aixenprovence\/\" target=\"_blank\" rel=\"noopener\"><img loading=\"lazy\" decoding=\"async\" class=\"alignnone wp-image-1013\" src=\"https:\/\/www.lacravatebleue.fr\/wp-content\/uploads\/2026\/01\/logo-linkedin.png\" alt=\"\" width=\"40\" height=\"40\" srcset=\"https:\/\/www.lacravatebleue.fr\/wp-content\/uploads\/2026\/01\/logo-linkedin.png 225w, https:\/\/www.lacravatebleue.fr\/wp-content\/uploads\/2026\/01\/logo-linkedin-150x150.png 150w\" sizes=\"auto, (max-width: 40px) 100vw, 40px\" \/><\/a><\/p>\n<p style=\"text-align: center;\"><span class=\"x193iq5w xeuugli x13faqbe x1vvkbs x1xmvt09 x1lliihq x1s928wv xhkezso x1gmr53x x1cpjm7i x1fgarty x1943h6x xudqn12 x3x7a5m x6prxxf xvq8zen xo1l8bm xzsf02u x1yc453h\" dir=\"auto\" style=\"color: #000000;\">\u00a0<\/span><\/p>\n<\/div>\n\t\t<\/div><\/div><div id=\"pgc-138-2-1\"  class=\"panel-grid-cell\" ><div class=\"panel-cell-style panel-cell-style-for-138-2-1\" ><div id=\"panel-138-2-1-0\" class=\"so-panel widget widget_sow-image panel-first-child panel-last-child\" data-index=\"3\" ><div\n\t\t\t\n\t\t\tclass=\"so-widget-sow-image so-widget-sow-image-default-8b5b6f678277-138\"\n\t\t\t data-overlay-enabled=\"1\" data-overlay-settings=\"{&quot;enabled_for_widgets&quot;:[&quot;sow-image&quot;,&quot;sow-image-grid&quot;,&quot;sow-simple-masonry&quot;],&quot;theme&quot;:&quot;&quot;,&quot;show_delay&quot;:300,&quot;overlay_color&quot;:&quot;#000000&quot;,&quot;overlay_opacity&quot;:0.8,&quot;overlay_position&quot;:&quot;bottom&quot;,&quot;overlay_size&quot;:0.3,&quot;desktop_show_trigger&quot;:&quot;hover&quot;,&quot;touch_show_trigger&quot;:&quot;touch&quot;,&quot;responsive_breakpoint&quot;:&quot;1024px&quot;,&quot;responsive_breakpoint_unit&quot;:&quot;px&quot;,&quot;overlay_animation&quot;:&quot;fade&quot;,&quot;overlay_animation_onscreen&quot;:false,&quot;font_family&quot;:&quot;&quot;,&quot;text_size&quot;:&quot;15px&quot;,&quot;text_size_unit&quot;:&quot;px&quot;,&quot;text_color&quot;:&quot;#fff&quot;,&quot;text_padding&quot;:&quot;22px 22px 22px 22px&quot;,&quot;text_position&quot;:&quot;middle&quot;,&quot;text_align&quot;:&quot;left&quot;,&quot;text_animation&quot;:&quot;&quot;}\"\n\t\t>\n<div class=\"sow-image-container\">\n\t\t<img \n\tsrc=\"https:\/\/www.lacravatebleue.fr\/wp-content\/uploads\/2026\/04\/@LACRAVATEBLEUE_photographe-d-entreprise_Aix-en-provence-PACA-FRANCE.png\" width=\"395\" height=\"550\" srcset=\"https:\/\/www.lacravatebleue.fr\/wp-content\/uploads\/2026\/04\/@LACRAVATEBLEUE_photographe-d-entreprise_Aix-en-provence-PACA-FRANCE.png 395w, https:\/\/www.lacravatebleue.fr\/wp-content\/uploads\/2026\/04\/@LACRAVATEBLEUE_photographe-d-entreprise_Aix-en-provence-PACA-FRANCE-300x300.png 300w, https:\/\/www.lacravatebleue.fr\/wp-content\/uploads\/2026\/04\/@LACRAVATEBLEUE_photographe-d-entreprise_Aix-en-provence-PACA-FRANCE-150x150.png 150w, https:\/\/www.lacravatebleue.fr\/wp-content\/uploads\/2026\/04\/@LACRAVATEBLEUE_photographe-d-entreprise_Aix-en-provence-PACA-FRANCE-375x375.png 375w\" sizes=\"(max-width: 395px) 100vw, 395px\" alt=\"@LACRAVATEBLEUE_photographe-d-entreprise_Aix-en-provence-PACA-FRANCE\" \t\tclass=\"so-widget-image\"\/>\n\t<\/div>\n\n<\/div><\/div><\/div><\/div><\/div><div id=\"pg-138-3\"  class=\"panel-grid panel-no-style\" ><div id=\"pgc-138-3-0\"  class=\"panel-grid-cell\" ><div id=\"panel-138-3-0-0\" class=\"so-panel widget widget_wpforms-widget wpforms-widget panel-first-child panel-last-child\" data-index=\"4\" ><div class=\"wpforms-container wpforms-container-full wpforms-render-modern\" id=\"wpforms-325\"><form id=\"wpforms-form-325\" class=\"wpforms-validate wpforms-form wpforms-ajax-form\" data-formid=\"325\" method=\"post\" enctype=\"multipart\/form-data\" action=\"\/index.php\/wp-json\/wp\/v2\/pages\/138\" data-token=\"d0fd7fc46bf08ebe176568df95873b60\" data-token-time=\"1777494529\"><div class=\"wpforms-head-container\"><div class=\"wpforms-title\">PARLONS DE VOTRE PROJET<\/div><\/div><noscript class=\"wpforms-error-noscript\">Veuillez activer JavaScript dans votre navigateur pour remplir ce formulaire.<\/noscript><div id=\"wpforms-error-noscript\" style=\"display: none;\">Veuillez activer JavaScript dans votre navigateur pour remplir ce formulaire.<\/div><div class=\"wpforms-field-container\"><div id=\"wpforms-325-field_1-container\" class=\"wpforms-field wpforms-field-name\" data-field-id=\"1\"><label class=\"wpforms-field-label\" for=\"wpforms-325-field_1\">Entreprise <span class=\"wpforms-required-label\" aria-hidden=\"true\">*<\/span><\/label><input type=\"text\" id=\"wpforms-325-field_1\" class=\"wpforms-field-medium wpforms-field-required\" name=\"wpforms[fields][1]\" aria-errormessage=\"wpforms-325-field_1-error\" required><\/div><div id=\"wpforms-325-field_4-container\" class=\"wpforms-field wpforms-field-name\" data-field-id=\"4\"><fieldset><legend class=\"wpforms-field-label\">Nom <span class=\"wpforms-required-label\" aria-hidden=\"true\">*<\/span><\/legend><div class=\"wpforms-field-row wpforms-field-medium\"><div class=\"wpforms-field-row-block wpforms-first wpforms-one-half\"><input type=\"text\" id=\"wpforms-325-field_4\" class=\"wpforms-field-name-first wpforms-field-required\" name=\"wpforms[fields][4][first]\" aria-errormessage=\"wpforms-325-field_4-error\" required><label for=\"wpforms-325-field_4\" class=\"wpforms-field-sublabel after\">Pr\u00e9nom<\/label><\/div><div class=\"wpforms-field-row-block wpforms-one-half\"><input type=\"text\" id=\"wpforms-325-field_4-last\" class=\"wpforms-field-name-last wpforms-field-required\" name=\"wpforms[fields][4][last]\" aria-errormessage=\"wpforms-325-field_4-last-error\" required><label for=\"wpforms-325-field_4-last\" class=\"wpforms-field-sublabel after\">Nom<\/label><\/div><\/div><\/fieldset><\/div>\t\t<div id=\"wpforms-325-field_6-container\"\n\t\t\tclass=\"wpforms-field wpforms-field-text\"\n\t\t\tdata-field-type=\"text\"\n\t\t\tdata-field-id=\"6\"\n\t\t\t>\n\t\t\t<label class=\"wpforms-field-label\" for=\"wpforms-325-field_6\" >Nom T\u00e9l\u00e9phone Entreprise<\/label>\n\t\t\t<input type=\"text\" id=\"wpforms-325-field_6\" class=\"wpforms-field-medium\" name=\"wpforms[fields][6]\" >\n\t\t<\/div>\n\t\t<div id=\"wpforms-325-field_5-container\" class=\"wpforms-field wpforms-field-text\" data-field-id=\"5\"><label class=\"wpforms-field-label\" for=\"wpforms-325-field_5\">T\u00e9l\u00e9phone <span class=\"wpforms-required-label\" aria-hidden=\"true\">*<\/span><\/label><input type=\"text\" id=\"wpforms-325-field_5\" class=\"wpforms-field-medium wpforms-field-required\" name=\"wpforms[fields][5]\" aria-errormessage=\"wpforms-325-field_5-error\" required><\/div><div id=\"wpforms-325-field_2-container\" class=\"wpforms-field wpforms-field-email\" data-field-id=\"2\"><label class=\"wpforms-field-label\" for=\"wpforms-325-field_2\">E-mail <span class=\"wpforms-required-label\" aria-hidden=\"true\">*<\/span><\/label><input type=\"email\" id=\"wpforms-325-field_2\" class=\"wpforms-field-medium wpforms-field-required\" name=\"wpforms[fields][2]\" spellcheck=\"false\" aria-errormessage=\"wpforms-325-field_2-error\" required><\/div><div id=\"wpforms-325-field_3-container\" class=\"wpforms-field wpforms-field-textarea\" data-field-id=\"3\"><label class=\"wpforms-field-label\" for=\"wpforms-325-field_3\">Message <span class=\"wpforms-required-label\" aria-hidden=\"true\">*<\/span><\/label><textarea id=\"wpforms-325-field_3\" class=\"wpforms-field-medium wpforms-field-required\" name=\"wpforms[fields][3]\" aria-errormessage=\"wpforms-325-field_3-error\" required><\/textarea><\/div><script>\n\t\t\t\t( function() {\n\t\t\t\t\tconst style = document.createElement( 'style' );\n\t\t\t\t\tstyle.appendChild( document.createTextNode( '#wpforms-325-field_6-container { position: absolute !important; overflow: hidden !important; display: inline !important; height: 1px !important; width: 1px !important; z-index: -1000 !important; padding: 0 !important; } #wpforms-325-field_6-container input { visibility: hidden; } #wpforms-conversational-form-page #wpforms-325-field_6-container label { counter-increment: none; }' ) );\n\t\t\t\t\tdocument.head.appendChild( style );\n\t\t\t\t\tdocument.currentScript?.remove();\n\t\t\t\t} )();\n\t\t\t<\/script><\/div><!-- .wpforms-field-container --><div class=\"wpforms-submit-container\" ><input type=\"hidden\" name=\"wpforms[id]\" value=\"325\"><input type=\"hidden\" name=\"page_title\" value=\"\"><input type=\"hidden\" name=\"page_url\" value=\"https:\/\/www.lacravatebleue.fr\/index.php\/wp-json\/wp\/v2\/pages\/138\"><input type=\"hidden\" name=\"url_referer\" value=\"\"><button type=\"submit\" name=\"wpforms[submit]\" id=\"wpforms-submit-325\" class=\"wpforms-submit\" data-alt-text=\"Envoi...\" data-submit-text=\"CONTACTEZ-NOUS\" aria-live=\"assertive\" value=\"wpforms-submit\">CONTACTEZ-NOUS<\/button><img loading=\"lazy\" decoding=\"async\" src=\"https:\/\/www.lacravatebleue.fr\/wp-content\/plugins\/wpforms-lite\/assets\/images\/submit-spin.svg\" class=\"wpforms-submit-spinner\" style=\"display: none;\" width=\"26\" height=\"26\" alt=\"Chargement en cours\"><\/div><\/form><\/div>  <!-- .wpforms-container --><\/div><\/div><\/div><div id=\"pg-138-4\"  class=\"panel-grid panel-no-style\" ><div id=\"pgc-138-4-0\"  class=\"panel-grid-cell panel-grid-cell-empty\" ><\/div><div id=\"pgc-138-4-1\"  class=\"panel-grid-cell panel-grid-cell-mobile-last\" ><div id=\"panel-138-4-1-0\" class=\"so-panel widget widget_sow-image panel-first-child\" data-index=\"5\" ><div\n\t\t\t\n\t\t\tclass=\"so-widget-sow-image so-widget-sow-image-default-113ccd71f3e6-138\"\n\t\t\t\n\t\t>\n<div class=\"sow-image-container\">\n\t\t<img \n\tsrc=\"https:\/\/www.lacravatebleue.fr\/wp-content\/uploads\/2026\/04\/@LACRAVATEBLEUE-500x250.png\" width=\"500\" height=\"250\" srcset=\"https:\/\/www.lacravatebleue.fr\/wp-content\/uploads\/2026\/04\/@LACRAVATEBLEUE-500x250.png 500w, https:\/\/www.lacravatebleue.fr\/wp-content\/uploads\/2026\/04\/@LACRAVATEBLEUE-300x150.png 300w, https:\/\/www.lacravatebleue.fr\/wp-content\/uploads\/2026\/04\/@LACRAVATEBLEUE-1024x512.png 1024w, https:\/\/www.lacravatebleue.fr\/wp-content\/uploads\/2026\/04\/@LACRAVATEBLEUE-768x384.png 768w, https:\/\/www.lacravatebleue.fr\/wp-content\/uploads\/2026\/04\/@LACRAVATEBLEUE-700x350.png 700w, https:\/\/www.lacravatebleue.fr\/wp-content\/uploads\/2026\/04\/@LACRAVATEBLEUE.png 1250w\" sizes=\"(max-width: 500px) 100vw, 500px\" alt=\"@LACRAVATEBLEUE\" \t\tclass=\"so-widget-image\"\/>\n\t<\/div>\n\n<\/div><\/div><div id=\"panel-138-4-1-1\" class=\"so-panel widget widget_text\" data-index=\"6\" ><div class=\"panel-widget-style panel-widget-style-for-138-4-1-1\" >\t\t\t<div class=\"textwidget\"><p style=\"text-align: center;\"><strong>LA CRAVATE BLEUE<\/strong><br \/>\nRatiba Bouchareb \u2022 Photographe d&rsquo;Entreprise<br \/>\n<strong>contact @ lacravatebleue.fr <\/strong>\u2022 <strong>06 95 94 59 42<\/strong><br \/>\nAix-en-Provence \u2022 PACA<\/p>\n<\/div>\n\t\t<\/div><\/div><div id=\"panel-138-4-1-2\" class=\"so-panel widget widget_sow-image panel-last-child\" data-index=\"7\" ><div\n\t\t\t\n\t\t\tclass=\"so-widget-sow-image so-widget-sow-image-default-113ccd71f3e6-138\"\n\t\t\t data-overlay-enabled=\"1\" data-overlay-settings=\"{&quot;enabled_for_widgets&quot;:[&quot;sow-image&quot;,&quot;sow-image-grid&quot;,&quot;sow-simple-masonry&quot;],&quot;theme&quot;:&quot;&quot;,&quot;show_delay&quot;:300,&quot;overlay_color&quot;:&quot;#000000&quot;,&quot;overlay_opacity&quot;:0.8,&quot;overlay_position&quot;:&quot;bottom&quot;,&quot;overlay_size&quot;:0.3,&quot;desktop_show_trigger&quot;:&quot;hover&quot;,&quot;touch_show_trigger&quot;:&quot;touch&quot;,&quot;responsive_breakpoint&quot;:&quot;1024px&quot;,&quot;responsive_breakpoint_unit&quot;:&quot;px&quot;,&quot;overlay_animation&quot;:&quot;fade&quot;,&quot;overlay_animation_onscreen&quot;:false,&quot;font_family&quot;:&quot;&quot;,&quot;text_size&quot;:&quot;15px&quot;,&quot;text_size_unit&quot;:&quot;px&quot;,&quot;text_color&quot;:&quot;#fff&quot;,&quot;text_padding&quot;:&quot;22px 22px 22px 22px&quot;,&quot;text_position&quot;:&quot;middle&quot;,&quot;text_align&quot;:&quot;left&quot;,&quot;text_animation&quot;:&quot;&quot;}\"\n\t\t>\n<div class=\"sow-image-container\">\n\t\t<img \n\tsrc=\"https:\/\/www.lacravatebleue.fr\/wp-content\/uploads\/2025\/06\/MMA-300x106.png\" width=\"300\" height=\"106\" srcset=\"https:\/\/www.lacravatebleue.fr\/wp-content\/uploads\/2025\/06\/MMA-300x106.png 300w, https:\/\/www.lacravatebleue.fr\/wp-content\/uploads\/2025\/06\/MMA-1024x362.png 1024w, https:\/\/www.lacravatebleue.fr\/wp-content\/uploads\/2025\/06\/MMA-768x271.png 768w, https:\/\/www.lacravatebleue.fr\/wp-content\/uploads\/2025\/06\/MMA-1536x543.png 1536w, https:\/\/www.lacravatebleue.fr\/wp-content\/uploads\/2025\/06\/MMA-500x177.png 500w, https:\/\/www.lacravatebleue.fr\/wp-content\/uploads\/2025\/06\/MMA-700x247.png 700w, https:\/\/www.lacravatebleue.fr\/wp-content\/uploads\/2025\/06\/MMA.png 1695w\" sizes=\"(max-width: 300px) 100vw, 300px\" alt=\"M\u00e9tier d&#039;Art\" \t\tclass=\"so-widget-image\"\/>\n\t<\/div>\n\n<\/div><\/div><\/div><div id=\"pgc-138-4-2\"  class=\"panel-grid-cell panel-grid-cell-empty\" ><\/div><\/div><\/div>","protected":false},"excerpt":{"rendered":"<p>VOTRE [&hellip;]<\/p>\n","protected":false},"author":1,"featured_media":0,"parent":0,"menu_order":0,"comment_status":"closed","ping_status":"closed","template":"","meta":{"footnotes":"","_wp_rev_ctl_limit":"3"},"class_list":["post-138","page","type-page","status-publish","hentry","post"],"yoast_head":"<!-- This site is optimized with the Yoast SEO plugin v27.5 - https:\/\/yoast.com\/product\/yoast-seo-wordpress\/ -->\n<title>CONTACT - LA CRAVATE BLEUE \u2022 Photographe d entreprise<\/title>\n<meta name=\"robots\" content=\"index, follow, max-snippet:-1, max-image-preview:large, max-video-preview:-1\" \/>\n<link rel=\"canonical\" href=\"https:\/\/www.lacravatebleue.fr\/index.php\/contact\/\" \/>\n<meta property=\"og:locale\" content=\"fr_FR\" \/>\n<meta property=\"og:type\" content=\"article\" \/>\n<meta property=\"og:title\" content=\"CONTACT - LA CRAVATE BLEUE \u2022 Photographe d entreprise\" \/>\n<meta property=\"og:description\" content=\"VOTRE [&hellip;]\" \/>\n<meta property=\"og:url\" content=\"https:\/\/www.lacravatebleue.fr\/index.php\/contact\/\" \/>\n<meta property=\"og:site_name\" content=\"LA CRAVATE BLEUE \u2022 Photographe d entreprise\" \/>\n<meta property=\"article:modified_time\" content=\"2026-04-10T10:21:03+00:00\" \/>\n<meta property=\"og:image\" content=\"https:\/\/www.lacravatebleue.fr\/wp-content\/uploads\/2026\/01\/logo-linkedin.png\" \/>\n\t<meta property=\"og:image:width\" content=\"225\" \/>\n\t<meta property=\"og:image:height\" content=\"225\" \/>\n\t<meta property=\"og:image:type\" content=\"image\/png\" \/>\n<meta name=\"twitter:card\" content=\"summary_large_image\" \/>\n<meta name=\"twitter:label1\" content=\"Dur\u00e9e de lecture estim\u00e9e\" \/>\n\t<meta name=\"twitter:data1\" content=\"2 minutes\" \/>\n<script type=\"application\/ld+json\" class=\"yoast-schema-graph\">{\"@context\":\"https:\\\/\\\/schema.org\",\"@graph\":[{\"@type\":\"WebPage\",\"@id\":\"https:\\\/\\\/www.lacravatebleue.fr\\\/index.php\\\/contact\\\/\",\"url\":\"https:\\\/\\\/www.lacravatebleue.fr\\\/index.php\\\/contact\\\/\",\"name\":\"CONTACT - LA CRAVATE BLEUE \u2022 Photographe d entreprise\",\"isPartOf\":{\"@id\":\"https:\\\/\\\/www.lacravatebleue.fr\\\/#website\"},\"primaryImageOfPage\":{\"@id\":\"https:\\\/\\\/www.lacravatebleue.fr\\\/index.php\\\/contact\\\/#primaryimage\"},\"image\":{\"@id\":\"https:\\\/\\\/www.lacravatebleue.fr\\\/index.php\\\/contact\\\/#primaryimage\"},\"thumbnailUrl\":\"https:\\\/\\\/www.lacravatebleue.fr\\\/wp-content\\\/uploads\\\/2026\\\/01\\\/logo-linkedin.png\",\"datePublished\":\"2024-09-14T20:49:17+00:00\",\"dateModified\":\"2026-04-10T10:21:03+00:00\",\"breadcrumb\":{\"@id\":\"https:\\\/\\\/www.lacravatebleue.fr\\\/index.php\\\/contact\\\/#breadcrumb\"},\"inLanguage\":\"fr-FR\",\"potentialAction\":[{\"@type\":\"ReadAction\",\"target\":[\"https:\\\/\\\/www.lacravatebleue.fr\\\/index.php\\\/contact\\\/\"]}]},{\"@type\":\"ImageObject\",\"inLanguage\":\"fr-FR\",\"@id\":\"https:\\\/\\\/www.lacravatebleue.fr\\\/index.php\\\/contact\\\/#primaryimage\",\"url\":\"https:\\\/\\\/www.lacravatebleue.fr\\\/wp-content\\\/uploads\\\/2026\\\/01\\\/logo-linkedin.png\",\"contentUrl\":\"https:\\\/\\\/www.lacravatebleue.fr\\\/wp-content\\\/uploads\\\/2026\\\/01\\\/logo-linkedin.png\",\"width\":225,\"height\":225},{\"@type\":\"BreadcrumbList\",\"@id\":\"https:\\\/\\\/www.lacravatebleue.fr\\\/index.php\\\/contact\\\/#breadcrumb\",\"itemListElement\":[{\"@type\":\"ListItem\",\"position\":1,\"name\":\"Accueil\",\"item\":\"https:\\\/\\\/www.lacravatebleue.fr\\\/\"},{\"@type\":\"ListItem\",\"position\":2,\"name\":\"CONTACT\"}]},{\"@type\":\"WebSite\",\"@id\":\"https:\\\/\\\/www.lacravatebleue.fr\\\/#website\",\"url\":\"https:\\\/\\\/www.lacravatebleue.fr\\\/\",\"name\":\"LA CRAVATE BLEUE \u2022 Photographe d entreprise\",\"description\":\"\",\"potentialAction\":[{\"@type\":\"SearchAction\",\"target\":{\"@type\":\"EntryPoint\",\"urlTemplate\":\"https:\\\/\\\/www.lacravatebleue.fr\\\/?s={search_term_string}\"},\"query-input\":{\"@type\":\"PropertyValueSpecification\",\"valueRequired\":true,\"valueName\":\"search_term_string\"}}],\"inLanguage\":\"fr-FR\"}]}<\/script>\n<!-- \/ Yoast SEO plugin. -->","yoast_head_json":{"title":"CONTACT - LA CRAVATE BLEUE \u2022 Photographe d entreprise","robots":{"index":"index","follow":"follow","max-snippet":"max-snippet:-1","max-image-preview":"max-image-preview:large","max-video-preview":"max-video-preview:-1"},"canonical":"https:\/\/www.lacravatebleue.fr\/index.php\/contact\/","og_locale":"fr_FR","og_type":"article","og_title":"CONTACT - LA CRAVATE BLEUE \u2022 Photographe d entreprise","og_description":"VOTRE [&hellip;]","og_url":"https:\/\/www.lacravatebleue.fr\/index.php\/contact\/","og_site_name":"LA CRAVATE BLEUE \u2022 Photographe d entreprise","article_modified_time":"2026-04-10T10:21:03+00:00","og_image":[{"width":225,"height":225,"url":"https:\/\/www.lacravatebleue.fr\/wp-content\/uploads\/2026\/01\/logo-linkedin.png","type":"image\/png"}],"twitter_card":"summary_large_image","twitter_misc":{"Dur\u00e9e de lecture estim\u00e9e":"2 minutes"},"schema":{"@context":"https:\/\/schema.org","@graph":[{"@type":"WebPage","@id":"https:\/\/www.lacravatebleue.fr\/index.php\/contact\/","url":"https:\/\/www.lacravatebleue.fr\/index.php\/contact\/","name":"CONTACT - LA CRAVATE BLEUE \u2022 Photographe d entreprise","isPartOf":{"@id":"https:\/\/www.lacravatebleue.fr\/#website"},"primaryImageOfPage":{"@id":"https:\/\/www.lacravatebleue.fr\/index.php\/contact\/#primaryimage"},"image":{"@id":"https:\/\/www.lacravatebleue.fr\/index.php\/contact\/#primaryimage"},"thumbnailUrl":"https:\/\/www.lacravatebleue.fr\/wp-content\/uploads\/2026\/01\/logo-linkedin.png","datePublished":"2024-09-14T20:49:17+00:00","dateModified":"2026-04-10T10:21:03+00:00","breadcrumb":{"@id":"https:\/\/www.lacravatebleue.fr\/index.php\/contact\/#breadcrumb"},"inLanguage":"fr-FR","potentialAction":[{"@type":"ReadAction","target":["https:\/\/www.lacravatebleue.fr\/index.php\/contact\/"]}]},{"@type":"ImageObject","inLanguage":"fr-FR","@id":"https:\/\/www.lacravatebleue.fr\/index.php\/contact\/#primaryimage","url":"https:\/\/www.lacravatebleue.fr\/wp-content\/uploads\/2026\/01\/logo-linkedin.png","contentUrl":"https:\/\/www.lacravatebleue.fr\/wp-content\/uploads\/2026\/01\/logo-linkedin.png","width":225,"height":225},{"@type":"BreadcrumbList","@id":"https:\/\/www.lacravatebleue.fr\/index.php\/contact\/#breadcrumb","itemListElement":[{"@type":"ListItem","position":1,"name":"Accueil","item":"https:\/\/www.lacravatebleue.fr\/"},{"@type":"ListItem","position":2,"name":"CONTACT"}]},{"@type":"WebSite","@id":"https:\/\/www.lacravatebleue.fr\/#website","url":"https:\/\/www.lacravatebleue.fr\/","name":"LA CRAVATE BLEUE \u2022 Photographe d entreprise","description":"","potentialAction":[{"@type":"SearchAction","target":{"@type":"EntryPoint","urlTemplate":"https:\/\/www.lacravatebleue.fr\/?s={search_term_string}"},"query-input":{"@type":"PropertyValueSpecification","valueRequired":true,"valueName":"search_term_string"}}],"inLanguage":"fr-FR"}]}},"_links":{"self":[{"href":"https:\/\/www.lacravatebleue.fr\/index.php\/wp-json\/wp\/v2\/pages\/138","targetHints":{"allow":["GET"]}}],"collection":[{"href":"https:\/\/www.lacravatebleue.fr\/index.php\/wp-json\/wp\/v2\/pages"}],"about":[{"href":"https:\/\/www.lacravatebleue.fr\/index.php\/wp-json\/wp\/v2\/types\/page"}],"author":[{"embeddable":true,"href":"https:\/\/www.lacravatebleue.fr\/index.php\/wp-json\/wp\/v2\/users\/1"}],"replies":[{"embeddable":true,"href":"https:\/\/www.lacravatebleue.fr\/index.php\/wp-json\/wp\/v2\/comments?post=138"}],"version-history":[{"count":3,"href":"https:\/\/www.lacravatebleue.fr\/index.php\/wp-json\/wp\/v2\/pages\/138\/revisions"}],"predecessor-version":[{"id":1022,"href":"https:\/\/www.lacravatebleue.fr\/index.php\/wp-json\/wp\/v2\/pages\/138\/revisions\/1022"}],"wp:attachment":[{"href":"https:\/\/www.lacravatebleue.fr\/index.php\/wp-json\/wp\/v2\/media?parent=138"}],"curies":[{"name":"wp","href":"https:\/\/api.w.org\/{rel}","templated":true}]}}